{"id":2,"date":"2018-11-04T15:37:23","date_gmt":"2018-11-04T14:37:23","guid":{"rendered":"http:\/\/lecentralwimereux.fr\/?page_id=2"},"modified":"2024-09-21T15:45:18","modified_gmt":"2024-09-21T13:45:18","slug":"page-d-exemple","status":"publish","type":"page","link":"https:\/\/lecentralwimereux.fr\/index.php\/page-d-exemple\/","title":{"rendered":"L&rsquo;appartement"},"content":{"rendered":"\t\t<div data-elementor-type=\"wp-post\" data-elementor-id=\"2\" class=\"elementor elementor-2\">\n\t\t\t\t\t\t<section class=\"elementor-section elementor-top-section elementor-element elementor-element-7943c3ca elementor-section-boxed elementor-section-height-default elementor-section-height-default\" data-id=\"7943c3ca\" data-element_type=\"section\" data-e-type=\"section\">\n\t\t\t\t\t\t<div class=\"elementor-container elementor-column-gap-default\">\n\t\t\t\t\t<div class=\"elementor-column elementor-col-100 elementor-top-column elementor-element elementor-element-6c997f51\" data-id=\"6c997f51\" data-element_type=\"column\" data-e-type=\"column\">\n\t\t\t<div class=\"elementor-widget-wrap elementor-element-populated\">\n\t\t\t\t\t\t<div class=\"elementor-element elementor-element-4f402995 elementor-widget elementor-widget-text-editor\" data-id=\"4f402995\" data-element_type=\"widget\" data-e-type=\"widget\" data-widget_type=\"text-editor.default\">\n\t\t\t\t<div class=\"elementor-widget-container\">\n\t\t\t\t\t\t\t\t\t<h4 style=\"text-align: center;\">Au 1er \u00e9tage, dans un immeuble ancien de caract\u00e8re, au c\u0153ur de la rue commer\u00e7ante&#8230;<\/h4><h5 style=\"text-align: left;\">\u00a0<\/h5><h5 style=\"text-align: left;\">\u00a0<\/h5><h3 style=\"text-align: center;\"><strong><span style=\"color: #5a6d07;\">Un appartement familial de\u00a0 95 m\u00b2 <\/span><br \/><\/strong><\/h3><h6 style=\"text-align: center;\">Lumineux (Traversant Est-Ouest)<\/h6><h6 style=\"text-align: center;\">Spacieux<\/h6><h6 style=\"text-align: center;\">Beaux volumes<\/h6><h6 style=\"text-align: left;\">\u00a0<\/h6><h6 style=\"text-align: center;\">H\u00e9bergement Haut-de-gamme<\/h6><h6 style=\"text-align: center;\">Charme de l&rsquo;ancien<\/h6><h6 style=\"text-align: center;\">Confort moderne<\/h6><h6 style=\"text-align: center;\"><a href=\"http:\/\/lecentralwimereux.fr\/index.php\/page-d-exemple\/equipements\/\">Tout \u00e9quip\u00e9<\/a><\/h6><h6 style=\"text-align: center;\">D\u00e9co tendance<\/h6><h6 style=\"text-align: left;\">\u00a0<\/h6>\t\t\t\t\t\t\t\t<\/div>\n\t\t\t\t<\/div>\n\t\t\t\t\t<\/div>\n\t\t<\/div>\n\t\t\t\t\t<\/div>\n\t\t<\/section>\n\t\t\t\t<section class=\"elementor-section elementor-top-section elementor-element elementor-element-48d4524 elementor-section-boxed elementor-section-height-default elementor-section-height-default\" data-id=\"48d4524\" data-element_type=\"section\" data-e-type=\"section\">\n\t\t\t\t\t\t<div class=\"elementor-container elementor-column-gap-default\">\n\t\t\t\t\t<div class=\"elementor-column elementor-col-100 elementor-top-column elementor-element elementor-element-dd39915\" data-id=\"dd39915\" data-element_type=\"column\" data-e-type=\"column\">\n\t\t\t<div class=\"elementor-widget-wrap elementor-element-populated\">\n\t\t\t\t\t\t<div class=\"elementor-element elementor-element-8f93d8e elementor-widget elementor-widget-html\" data-id=\"8f93d8e\" data-element_type=\"widget\" data-e-type=\"widget\" data-widget_type=\"html.default\">\n\t\t\t\t<div class=\"elementor-widget-container\">\n\t\t\t\t\t<div class=\"wp-gr rpi wpac\" style=\"margin:0 auto!important;\" data-id=\"342\" data-layout=\"grid\" data-exec=\"false\" data-options='{&quot;text_size&quot;:&quot;&quot;,&quot;trans&quot;:{&quot;read more&quot;:&quot;plus&quot;}}'><svg xmlns=\"http:\/\/www.w3.org\/2000\/svg\" style=\"display:none!important\"><symbol id=\"grw-tripadvisor\" viewBox=\"0 0 713.496 713.496\"><g><circle fill=\"#34E0A1\" cx=\"356.749\" cy=\"356.748\" r=\"356.748\"\/><path d=\"M577.095,287.152l43.049-46.836h-95.465c-47.792-32.646-105.51-51.659-167.931-51.659   c-62.342,0-119.899,19.054-167.612,51.659H93.432l43.049,46.836c-26.387,24.075-42.929,58.754-42.929,97.259   c0,72.665,58.914,131.578,131.579,131.578c34.519,0,65.968-13.313,89.446-35.077l42.172,45.919l42.172-45.879   c23.478,21.764,54.887,35.037,89.406,35.037c72.665,0,131.658-58.913,131.658-131.578   C620.024,345.866,603.483,311.188,577.095,287.152z M225.17,473.458c-49.188,0-89.047-39.859-89.047-89.047   s39.86-89.048,89.047-89.048c49.187,0,89.047,39.86,89.047,89.048S274.357,473.458,225.17,473.458z M356.788,381.82   c0-58.595-42.61-108.898-98.853-130.383c30.413-12.716,63.776-19.771,98.813-19.771s68.439,7.055,98.853,19.771   C399.399,272.962,356.788,323.226,356.788,381.82z M488.367,473.458c-49.188,0-89.048-39.859-89.048-89.047   s39.86-89.048,89.048-89.048s89.047,39.86,89.047,89.048S537.554,473.458,488.367,473.458z M488.367,337.694   c-25.79,0-46.677,20.887-46.677,46.677c0,25.789,20.887,46.676,46.677,46.676c25.789,0,46.676-20.887,46.676-46.676   C535.042,358.621,514.156,337.694,488.367,337.694z M271.846,384.411c0,25.789-20.887,46.676-46.676,46.676   s-46.676-20.887-46.676-46.676c0-25.79,20.887-46.677,46.676-46.677C250.959,337.694,271.846,358.621,271.846,384.411z\"\/><\/g><\/symbol><symbol id=\"grw-google\" viewBox=\"0 0 512 512\"><g fill=\"none\" fill-rule=\"evenodd\"><path d=\"M482.56 261.36c0-16.73-1.5-32.83-4.29-48.27H256v91.29h127.01c-5.47 29.5-22.1 54.49-47.09 71.23v59.21h76.27c44.63-41.09 70.37-101.59 70.37-173.46z\" fill=\"#4285f4\"\/><path d=\"M256 492c63.72 0 117.14-21.13 156.19-57.18l-76.27-59.21c-21.13 14.16-48.17 22.53-79.92 22.53-61.47 0-113.49-41.51-132.05-97.3H45.1v61.15c38.83 77.13 118.64 130.01 210.9 130.01z\" fill=\"#34a853\"\/><path d=\"M123.95 300.84c-4.72-14.16-7.4-29.29-7.4-44.84s2.68-30.68 7.4-44.84V150.01H45.1C29.12 181.87 20 217.92 20 256c0 38.08 9.12 74.13 25.1 105.99l78.85-61.15z\" fill=\"#fbbc05\"\/><path d=\"M256 113.86c34.65 0 65.76 11.91 90.22 35.29l67.69-67.69C373.03 43.39 319.61 20 256 20c-92.25 0-172.07 52.89-210.9 130.01l78.85 61.15c18.56-55.78 70.59-97.3 132.05-97.3z\" fill=\"#ea4335\"\/><path d=\"M20 20h472v472H20V20z\"\/><\/g><\/symbol><\/svg><div class=\"grw-header\"><div class=\"grw-header-inner rpi-flx rpi-row12\"><div class=\"grw-img-wrap\"><img loading=\"lazy\" decoding=\"async\" class=\"grw-img\" src=\"https:\/\/lh3.googleusercontent.com\/places\/ANXAkqE1dPkIqrAOlWTML7DFOO475CXg1d_nnhFcE4f2_TA6JA4AXK_MptcUbyzUFvQDkk3nYrbxGkmgi1nGW_faXNmnxuaBI6XO7zs=s1600-w300-h300\" loading=\"lazy\" alt=\"Le Central Wimereux place picture\" width=\"50\" height=\"50\" onerror=\"if(this.src!='data:image\/gif;base64,R0lGODlhAQABAIAAAAAAAP\/\/\/yH5BAEAAAAALAAAAAABAAEAAAIBRAA7')this.src='data:image\/gif;base64,R0lGODlhAQABAIAAAAAAAP\/\/\/yH5BAEAAAAALAAAAAABAAEAAAIBRAA7';\" ><\/div><div class=\"rpi-flx rpi-col8\"><div class=\"wp-google-name\"><a href=\"https:\/\/maps.google.com\/?cid=12304692216726807704\" target=\"_blank\" rel=\"nofollow noopener\">Le Central Wimereux<\/a><\/div><span class=\"rpi-stars\" style=\"--rating:5.0\">5.0<\/span><div class=\"wp-google-based\">Bas\u00e9 sur 14 avis<\/div><div class=\"wp-google-powered\">powered by <span><span style=\"color:#3c6df0!important\">G<\/span><span style=\"color:#d93025!important\">o<\/span><span style=\"color:#fb8e28!important\">o<\/span><span style=\"color:#3c6df0!important\">g<\/span><span style=\"color:#188038!important\">l<\/span><span style=\"color:#d93025!important\">e<\/span><\/span><\/div><div class=\"wp-google-wr\"><a href=\"https:\/\/search.google.com\/local\/writereview?placeid=ChIJNT6kNQAv3EcRmOSDyGAMw6o\" target=\"_blank\" rel=\"nofollow noopener\" onclick=\"return rplg_leave_review_window.call(this)\">notez-nous sur<svg height=\"16\" width=\"16\" role=\"none\"><use href=\"#grw-google\"><\/use><\/svg><\/a><\/div><\/div><\/div><\/div><div class=\"grw-row grw-row-m\" data-options='{\"breakpoints\":\"\"}'><div class=\"grw-content\"><div class=\"grw-content-inner\"><div class=\"grw-reviews\"><div class=\"rpi-slide grw-review\"><div class=\"rpi-flx rpi-col12 grw-review-inner grw-backgnd grw-round grw-shadow\"><div class=\"rpi-flx rpi-row12-center\"><div class=\"grw-img-wrap\"><img loading=\"lazy\" decoding=\"async\" class=\"grw-img\" src=\"https:\/\/lh3.googleusercontent.com\/a\/ACg8ocLpVFI2BB7NK8engHHQbgu1Gad-2XyBdUN8lhxlpvrZ8z3Uhg=s128-c0x00000000-cc-rp-mo\" loading=\"lazy\" alt=\"Eric Tricot profile picture\" width=\"50\" height=\"50\" onerror=\"if(this.src!='https:\/\/lecentralwimereux.fr\/wp-content\/plugins\/widget-google-reviews\/assets\/img\/guest.png')this.src='https:\/\/lecentralwimereux.fr\/wp-content\/plugins\/widget-google-reviews\/assets\/img\/guest.png';\" ><\/div><div class=\"rpi-flx rpi-col6\"><a href=\"https:\/\/www.google.com\/maps\/contrib\/116943156579113999685\/reviews\" class=\"wp-google-name\" target=\"_blank\" rel=\"nofollow noopener\">Eric Tricot<\/a><div class=\"wp-google-time\" data-time=\"1725961360\">09:42 10 Sep 24<\/div><\/div><\/div><span class=\"rpi-stars\" style=\"--rating:5\"><\/span><div class=\"rpi-flx rpi-col4\"><div class=\"wp-google-feedback grw-scroll\" ><span class=\"wp-google-text\">Magnifique appartement tr\u00e8s bien situ\u00e9, tr\u00e8s bien \u00e9quip\u00e9, propret\u00e9 impeccable, propri\u00e9taire tr\u00e8s sympathique nous reviendrons avec grand plaisir<\/span><\/div><\/div><svg height=\"16\" width=\"16\" role=\"none\"><use href=\"#grw-google\"\/><\/svg><\/div><\/div><div class=\"rpi-slide grw-review\"><div class=\"rpi-flx rpi-col12 grw-review-inner grw-backgnd grw-round grw-shadow\"><div class=\"rpi-flx rpi-row12-center\"><div class=\"grw-img-wrap\"><img loading=\"lazy\" decoding=\"async\" class=\"grw-img\" src=\"https:\/\/lh3.googleusercontent.com\/a-\/ALV-UjUGFNOOOX8TmYqwZFfHTv7IisqSAl53_fOa5qanWa4ANcFpIrpnjA=s128-c0x00000000-cc-rp-mo\" loading=\"lazy\" alt=\"Laurie D. profile picture\" width=\"50\" height=\"50\" onerror=\"if(this.src!='https:\/\/lecentralwimereux.fr\/wp-content\/plugins\/widget-google-reviews\/assets\/img\/guest.png')this.src='https:\/\/lecentralwimereux.fr\/wp-content\/plugins\/widget-google-reviews\/assets\/img\/guest.png';\" ><\/div><div class=\"rpi-flx rpi-col6\"><a href=\"https:\/\/www.google.com\/maps\/contrib\/101359789688072729833\/reviews\" class=\"wp-google-name\" target=\"_blank\" rel=\"nofollow noopener\">Laurie D.<\/a><div class=\"wp-google-time\" data-time=\"1722109608\">19:46 27 Jul 24<\/div><\/div><\/div><span class=\"rpi-stars\" style=\"--rating:5\"><\/span><div class=\"rpi-flx rpi-col4\"><div class=\"wp-google-feedback grw-scroll\" ><span class=\"wp-google-text\">location tout confort - excellent accueil - tr\u00e8s bonne adresse!<\/span><\/div><\/div><svg height=\"16\" width=\"16\" role=\"none\"><use href=\"#grw-google\"\/><\/svg><\/div><\/div><div class=\"rpi-slide grw-review\"><div class=\"rpi-flx rpi-col12 grw-review-inner grw-backgnd grw-round grw-shadow\"><div class=\"rpi-flx rpi-row12-center\"><div class=\"grw-img-wrap\"><img loading=\"lazy\" decoding=\"async\" class=\"grw-img\" src=\"https:\/\/lh3.googleusercontent.com\/a\/ACg8ocLgV4sisln3bwijGCeNH8qDF0K0vwAlJRlLCnHsir6NasTcIQ=s128-c0x00000000-cc-rp-mo\" loading=\"lazy\" alt=\"elizabethw profile picture\" width=\"50\" height=\"50\" onerror=\"if(this.src!='https:\/\/lecentralwimereux.fr\/wp-content\/plugins\/widget-google-reviews\/assets\/img\/guest.png')this.src='https:\/\/lecentralwimereux.fr\/wp-content\/plugins\/widget-google-reviews\/assets\/img\/guest.png';\" ><\/div><div class=\"rpi-flx rpi-col6\"><a href=\"https:\/\/www.google.com\/maps\/contrib\/115104583412827080729\/reviews\" class=\"wp-google-name\" target=\"_blank\" rel=\"nofollow noopener\">elizabethw<\/a><div class=\"wp-google-time\" data-time=\"1717319304\">09:08 02 Jun 24<\/div><\/div><\/div><span class=\"rpi-stars\" style=\"--rating:5\"><\/span><div class=\"rpi-flx rpi-col4\"><div class=\"wp-google-feedback grw-scroll\" ><span class=\"wp-google-text\">Un super appartement! Facile \u00e0 trouver et excellente communication de notre h\u00f4te Lo\u00efc, qui \u00e9tait tr\u00e8s accueillant et serviable. Lits spacieux, tr\u00e8s bien \u00e9quip\u00e9s, confortables et les enfants ont ador\u00e9 leurs lits superpos\u00e9s \u00e0 3 niveaux. La place de parking d\u00e9sign\u00e9e \u00e0 proximit\u00e9 a \u00e9t\u00e9 tr\u00e8s appr\u00e9ci\u00e9e. L'emplacement est superbe, avec toutes les commodit\u00e9s \u00e0 port\u00e9e de main et la plage tr\u00e8s proche. Sera de retour!!!<\/span><\/div><\/div><svg height=\"16\" width=\"16\" role=\"none\"><use href=\"#grw-google\"\/><\/svg><\/div><\/div><div class=\"rpi-slide grw-review\"><div class=\"rpi-flx rpi-col12 grw-review-inner grw-backgnd grw-round grw-shadow\"><div class=\"rpi-flx rpi-row12-center\"><div class=\"grw-img-wrap\"><img loading=\"lazy\" decoding=\"async\" class=\"grw-img\" src=\"https:\/\/lh3.googleusercontent.com\/a-\/ALV-UjU3muZCesw7IfaNJ3EXPlPcLNWvXsi1p3sbI3NSXIfLl48A3WU=s128-c0x00000000-cc-rp-mo\" loading=\"lazy\" alt=\"Cl\u00e9mence D profile picture\" width=\"50\" height=\"50\" onerror=\"if(this.src!='https:\/\/lecentralwimereux.fr\/wp-content\/plugins\/widget-google-reviews\/assets\/img\/guest.png')this.src='https:\/\/lecentralwimereux.fr\/wp-content\/plugins\/widget-google-reviews\/assets\/img\/guest.png';\" ><\/div><div class=\"rpi-flx rpi-col6\"><a href=\"https:\/\/www.google.com\/maps\/contrib\/111429303750160366140\/reviews\" class=\"wp-google-name\" target=\"_blank\" rel=\"nofollow noopener\">Cl\u00e9mence D<\/a><div class=\"wp-google-time\" data-time=\"1714558954\">10:22 01 May 24<\/div><\/div><\/div><span class=\"rpi-stars\" style=\"--rating:5\"><\/span><div class=\"rpi-flx rpi-col4\"><div class=\"wp-google-feedback grw-scroll\" ><span class=\"wp-google-text\">Tr\u00e8s bien. L\u2019appartement est tr\u00e8s spacieux et bien \u00e9quip\u00e9. Id\u00e9al pour les familles. L\u2019h\u00f4te est gentil et disponible .<br \/>Je conseille si vous cherchez un logement bien situ\u00e9 \u00e0 Wimereux.<\/span><\/div><\/div><svg height=\"16\" width=\"16\" role=\"none\"><use href=\"#grw-google\"\/><\/svg><\/div><\/div><div class=\"rpi-slide grw-review\"><div class=\"rpi-flx rpi-col12 grw-review-inner grw-backgnd grw-round grw-shadow\"><div class=\"rpi-flx rpi-row12-center\"><div class=\"grw-img-wrap\"><img loading=\"lazy\" decoding=\"async\" class=\"grw-img\" src=\"https:\/\/lh3.googleusercontent.com\/a\/ACg8ocJPTqDdF5eGudsse86Sj3f09_zPsAGzpyk7UlFjxwCjH6_gVA=s128-c0x00000000-cc-rp-mo\" loading=\"lazy\" alt=\"Anne Horgnies profile picture\" width=\"50\" height=\"50\" onerror=\"if(this.src!='https:\/\/lecentralwimereux.fr\/wp-content\/plugins\/widget-google-reviews\/assets\/img\/guest.png')this.src='https:\/\/lecentralwimereux.fr\/wp-content\/plugins\/widget-google-reviews\/assets\/img\/guest.png';\" ><\/div><div class=\"rpi-flx rpi-col6\"><a href=\"https:\/\/www.google.com\/maps\/contrib\/118141857881863554203\/reviews\" class=\"wp-google-name\" target=\"_blank\" rel=\"nofollow noopener\">Anne Horgnies<\/a><div class=\"wp-google-time\" data-time=\"1713373965\">17:12 17 Apr 24<\/div><\/div><\/div><span class=\"rpi-stars\" style=\"--rating:5\"><\/span><div class=\"rpi-flx rpi-col4\"><div class=\"wp-google-feedback grw-scroll\" ><span class=\"wp-google-text\">Magnifique s\u00e9jour !<br \/>L\u2019appartement est tr\u00e8s bien situ\u00e9, et nous avons \u00e9t\u00e9 magnifiquement accueillis. La propret\u00e9 est irr\u00e9prochable. Merci encore pour ce beau moment!<\/span><\/div><\/div><svg height=\"16\" width=\"16\" role=\"none\"><use href=\"#grw-google\"\/><\/svg><\/div><\/div><div class=\"rpi-slide grw-review\"><div class=\"rpi-flx rpi-col12 grw-review-inner grw-backgnd grw-round grw-shadow\"><div class=\"rpi-flx rpi-row12-center\"><div class=\"grw-img-wrap\"><img loading=\"lazy\" decoding=\"async\" class=\"grw-img\" src=\"https:\/\/lh3.googleusercontent.com\/a\/ACg8ocKivpeIrE7FsDGDaljLIdY5D_Y1vw8xKy41EgMHhJcllv5lHA=s128-c0x00000000-cc-rp-mo\" loading=\"lazy\" alt=\"Ma\u00eft\u00e9 Boussemart profile picture\" width=\"50\" height=\"50\" onerror=\"if(this.src!='https:\/\/lecentralwimereux.fr\/wp-content\/plugins\/widget-google-reviews\/assets\/img\/guest.png')this.src='https:\/\/lecentralwimereux.fr\/wp-content\/plugins\/widget-google-reviews\/assets\/img\/guest.png';\" ><\/div><div class=\"rpi-flx rpi-col6\"><a href=\"https:\/\/www.google.com\/maps\/contrib\/107641765166249177669\/reviews\" class=\"wp-google-name\" target=\"_blank\" rel=\"nofollow noopener\">Ma\u00eft\u00e9 Boussemart<\/a><div class=\"wp-google-time\" data-time=\"1701073150\">08:19 27 Nov 23<\/div><\/div><\/div><span class=\"rpi-stars\" style=\"--rating:5\"><\/span><div class=\"rpi-flx rpi-col4\"><div class=\"wp-google-feedback grw-scroll\" ><span class=\"wp-google-text\">Lo\u00efc est un h\u00f4te attentionn\u00e9 et soucieux de bien nous recevoir. L'appartement \u00e9tait tr\u00e8s propre, confortable, au calme et id\u00e9alement situ\u00e9.<br \/>On recommande chaudement !<\/span><\/div><\/div><svg height=\"16\" width=\"16\" role=\"none\"><use href=\"#grw-google\"\/><\/svg><\/div><\/div><div class=\"rpi-slide grw-review\"><div class=\"rpi-flx rpi-col12 grw-review-inner grw-backgnd grw-round grw-shadow\"><div class=\"rpi-flx rpi-row12-center\"><div class=\"grw-img-wrap\"><img loading=\"lazy\" decoding=\"async\" class=\"grw-img\" src=\"https:\/\/lh3.googleusercontent.com\/a\/ACg8ocK-GM-dNUGXf7VREafnZfS1Z0BlCvOsWbf6whP_BG2vLrdSSA=s128-c0x00000000-cc-rp-mo\" loading=\"lazy\" alt=\"Pauline D. profile picture\" width=\"50\" height=\"50\" onerror=\"if(this.src!='https:\/\/lecentralwimereux.fr\/wp-content\/plugins\/widget-google-reviews\/assets\/img\/guest.png')this.src='https:\/\/lecentralwimereux.fr\/wp-content\/plugins\/widget-google-reviews\/assets\/img\/guest.png';\" ><\/div><div class=\"rpi-flx rpi-col6\"><a href=\"https:\/\/www.google.com\/maps\/contrib\/112514202234750357503\/reviews\" class=\"wp-google-name\" target=\"_blank\" rel=\"nofollow noopener\">Pauline D.<\/a><div class=\"wp-google-time\" data-time=\"1698869391\">20:09 01 Nov 23<\/div><\/div><\/div><span class=\"rpi-stars\" style=\"--rating:5\"><\/span><div class=\"rpi-flx rpi-col4\"><div class=\"wp-google-feedback grw-scroll\" ><span class=\"wp-google-text\">Nous avons pass\u00e9 un tr\u00e8s bon s\u00e9jour dans l'appartement. Celui-ci est bien \u00e9quip\u00e9, tr\u00e8s propre, la literie de qualit\u00e9 \u00e9galement. Lo\u00efc nous a accueilli tr\u00e8s gentiment avec de petites attentions sympa, il a \u00e9t\u00e9 r\u00e9actif et nous a propos\u00e9 un d\u00e9part tardif car l'appartement n'\u00e9tait pas occup\u00e9 de suite.<br \/>La place de parking est un vrai +<br \/>Nous recommandons ce logement !<\/span><\/div><\/div><svg height=\"16\" width=\"16\" role=\"none\"><use href=\"#grw-google\"\/><\/svg><\/div><\/div><\/div><\/div><\/div><\/div><script>(function(p){if(!p)return;let w=p.offsetWidth,m=function(a,b){return Math.min(a,b)===a};p.querySelector('.grw-row').classList.replace('grw-row-m','grw-row-'+(m(w,510)?'xs':m(w,750)?'x':m(w,1100)?'s':m(w,1450)?'m':m(w,1800)?'l':'xl'))})(document.currentScript?.parentElement)<\/script><\/div>\n\t\t\t\t<\/div>\n\t\t\t\t<\/div>\n\t\t\t\t\t<\/div>\n\t\t<\/div>\n\t\t\t\t\t<\/div>\n\t\t<\/section>\n\t\t\t\t<\/div>\n\t\t","protected":false},"excerpt":{"rendered":"<p>Au 1er \u00e9tage, dans un immeuble ancien de caract\u00e8re, au c\u0153ur de la rue commer\u00e7ante&#8230; \u00a0 \u00a0 Un appartement familial de\u00a0 95 m\u00b2 Lumineux (Traversant Est-Ouest) Spacieux Beaux volumes \u00a0 H\u00e9bergement Haut-de-gamme Charme de l&rsquo;ancien Confort moderne Tout \u00e9quip\u00e9 D\u00e9co tendance \u00a0<\/p>\n","protected":false},"author":1,"featured_media":0,"parent":0,"menu_order":0,"comment_status":"closed","ping_status":"open","template":"","meta":{"footnotes":""},"class_list":["post-2","page","type-page","status-publish","hentry"],"_links":{"self":[{"href":"https:\/\/lecentralwimereux.fr\/index.php\/wp-json\/wp\/v2\/pages\/2","targetHints":{"allow":["GET"]}}],"collection":[{"href":"https:\/\/lecentralwimereux.fr\/index.php\/wp-json\/wp\/v2\/pages"}],"about":[{"href":"https:\/\/lecentralwimereux.fr\/index.php\/wp-json\/wp\/v2\/types\/page"}],"author":[{"embeddable":true,"href":"https:\/\/lecentralwimereux.fr\/index.php\/wp-json\/wp\/v2\/users\/1"}],"replies":[{"embeddable":true,"href":"https:\/\/lecentralwimereux.fr\/index.php\/wp-json\/wp\/v2\/comments?post=2"}],"version-history":[{"count":15,"href":"https:\/\/lecentralwimereux.fr\/index.php\/wp-json\/wp\/v2\/pages\/2\/revisions"}],"predecessor-version":[{"id":346,"href":"https:\/\/lecentralwimereux.fr\/index.php\/wp-json\/wp\/v2\/pages\/2\/revisions\/346"}],"wp:attachment":[{"href":"https:\/\/lecentralwimereux.fr\/index.php\/wp-json\/wp\/v2\/media?parent=2"}],"curies":[{"name":"wp","href":"https:\/\/api.w.org\/{rel}","templated":true}]}}